1 = 0, -4*g - f = -1790 - 60707. What are the prime factors of g?
2, 3, 7, 31
Suppose 10*j + 2*f = 7*j + 28968, 0 = -4*f. List the prime factors of j.
2, 17, 71
Let f = 43 - 37. Let h(t) = 15 - 5*t + 14*t - 4*t**3 - f - 9*t**2. What are the prime factors of h(-5)?
239
Suppose -147471 = -27*c + 7320. What are the prime factors of c?
3, 7, 13
What are the prime factors of ((-5)/2)/((-125)/(-120)*(-24)/139980)?
2, 3, 2333
Suppose 88*y = 862603 + 1082197. What are the prime factors of y?
2, 5, 13, 17
Let p(y) be the third derivative of y**6/40 - y**5/20 + y**4/12 + y**3/6 + 37*y**2. Let d be p(2). Suppose -d*t + 256 = -13*t. List the prime factors of t.
2
Let n(q) = 131*q**3 - 7*q**2 + 107*q - 412. List the prime factors of n(4).
2, 7, 37
Suppose -3*n = 15, -23*z + 25*z + 2*n = 2324. What are the prime factors of z?
3, 389
Suppose -4879 - 8641 = -13*j. Let q = -463 + j. List the prime factors of q.
577
Let k be (30/(-12) + 4)/(6/8). Let w(r) = 2*r**2 - 3*r**3 - k*r**3 + 3 + 19*r**3. List the prime factors of w(2).
3, 41
Suppose -33709 = -103*w + 18100. List the prime factors of w.
503
Let r = 44485 + -29207. List the prime factors of r.
2, 7639
Let l(r) = 6*r + 432. What are the prime factors of l(0)?
2, 3
Let t be 444563/164 - (2/2)/(-4). Suppose 47 = 7*h - t. List the prime factors of h.
2, 197
Suppose -5*x = -5*a - x + 2369, 478 = a - 5*x. Suppose -y + 461 = 4*h - 2*h, 3*y = 2*h - a. List the prime factors of h.
2, 29
Let v be (1 + -5 + (-507)/(-6))*2. Suppose 0 = 155*r - v*r + 6804. List the prime factors of r.
2, 3, 7
Suppose 0 = 5*k - 3*b - 224410, 132*k + 314205 = 139*k + 2*b. What are the prime factors of k?
5, 47, 191
Let m = -518 + 1171. Let w = m + -285. Let u = w + -248. List the prime factors of u.
2, 3, 5
Let y(f) = -125*f - 128. Let g = -418 - -412. What are the prime factors of y(g)?
2, 311
Let f = -34 + 70. Let j be (6 - 7)*f*122/4. What are the prime factors of j/(-6)*1/1?
3, 61
Let r = 144 - -618. Suppose 6*f - 9*f + r = 0. Suppose -5*z = 2*w - f, -2*w - z + 238 = -0*z. What are the prime factors of w?
3, 13
What are the prime factors of 396/4950 - (-377946)/50?
7559
Let v(u) = -2370*u + 579. What are the prime factors of v(-20)?
3, 1777
Let n(a) = 20 - 15 + 358*a + 258*a + 26. List the prime factors of n(1).
647
Let w(j) = -j**3 - j**2 + 75*j - 321. List the prime factors of w(-31).
2, 3, 1091
Let q(j) = -231*j + 114. Let h be q(-13). Let c = -1414 + h. What are the prime factors of c?
13, 131
Let c = -309 + 304. Let b(q) = 10*q**2 + 10*q - 3. What are the prime factors of b(c)?
197
What are the prime factors of (1010/25)/((-26)/(-65)*(-4)/(-1000))?
2, 5, 101
Let u be (1/(-6))/(3/6)*3. Let p be (-6)/(-4)*(-168)/9*u. List the prime factors of (-21)/p*(-177 + 1).
2, 3, 11
Let t(f) = 122*f + 2. Let b(q) = -364*q - 8. Let s(o) = 4*b(o) + 11*t(o). List the prime factors of s(-5).
2, 5, 7
Suppose -8*z - 77265 = -t, -22*z = -2*t - 27*z + 154383. List the prime factors of t.
11, 7019
Let j(r) = 4*r**2 - 88*r + 24. Let u be j(22). Suppose u*w = 19*w + 35. List the prime factors of w.
7
Suppose -3*w + 34965 = 359*s - 363*s, -4*w + 4*s + 46624 = 0. What are the prime factors of w?
89, 131
List the prime factors of -8*(-30)/28*((-16027)/(-22) - 4).
2, 3, 5, 23
Suppose 38 - 2 = -6*n. Let c(k) = -195*k - 41. List the prime factors of c(n).
1129
Let r = 167 - 162. Suppose -2*d = -3*a - r - 217, -d = -a - 112. List the prime factors of d.
2, 3, 19
Let n(u) = -3*u**3 + 14*u**2 - 6*u + 1. Let x be 316/26 + 1*(-8)/52. Suppose -5*y + x = -z - 5, 5*y - 4*z - 8 = 0. List the prime factors of n(y).
3
Let q = 14972 + -9989. Suppose -q = -8*s + 497. What are the prime factors of s?
5, 137
Let d = -52826 + 76455. What are the prime factors of d?
23629
Suppose -12 = -3*m + 4*h, -3*h - 4 = -m - 0. What are the prime factors of -3 + 196 - (m + 1 + 0)?
2, 47
Let x(q) = 347*q**2 - 15*q + 6. What are the prime factors of x(1)?
2, 13
Let m(r) = -11*r**2 + 5*r + 5. Let y be m(-1). Let w(p) = 3*p**2 + 8*p + 5. What are the prime factors of w(y)?
2, 5, 7
What are the prime factors of (-23919)/2*12/(-18) - 3?
2, 5, 797
Let f be 224/(-8)*(15/10 + -2). List the prime factors of 2/(-3) - (-276)/18*f.
2, 107
Let x(h) = -145*h**3 - 4*h**2 - 25*h - 89. What are the prime factors of x(-4)?
9227
Let h = -199 - -178. List the prime factors of h/((-42)/6)*361.
3, 19
Let a(g) = -g**2 - 2*g + 5. Let r be a(0). Suppose r*t - 6470 = -5*u, 2*t - 392 - 2200 = -3*u. List the prime factors of t.
2, 3, 5, 43
Let k(x) = 3*x + 4. Let t be k(0). Let h be -19 + t + (-2 - 0 - -3). What are the prime factors of (h/(-4) + -3)*170?
5, 17
Let x(v) = 2*v**2 + 9*v - 11. Let o be x(-9). Suppose -310 = -4*l + c, 2*l - 3*l = -4*c - o. Suppose 5*y = 6*y - l. List the prime factors of y.
2, 3, 13
Suppose 0*s - 4*s = -16, 364 = 5*t + s. Suppose -3*x + 0*x = t. Let f = -5 - x. What are the prime factors of f?
19
Suppose 21776 = -7*q + 2057. Let u = 3952 + q. List the prime factors of u.
5, 227
Suppose 43*s = 48*s + 20. Let t be 4/(-6) - ((-5720)/15)/s. Let y = t + 195. List the prime factors of y.
3, 11
Let r(k) = -k**3 + 1 - 26*k**2 - 30*k**2 - 13*k + 10 + 64*k**2. Let u be r(6). List the prime factors of 11760/150 - (-3)/u.
79
Let n(k) = 46*k - 9. Let h be n(6). Let x(q) = -26*q + 152. Let l be x(-9). Let f = l - h. List the prime factors of f.
7, 17
Let u = -1701 + 13688. List the prime factors of u.
11987
Let w(u) = -u**3 - 2*u**2 - u - 7. Let i be w(-3). Suppose 2*y + 29 + 20 = -5*n, y + 52 = -i*n. Let j = 18 + n. List the prime factors of j.
7
What are the prime factors of 37/74 + 65259/(-6)*-1?
73, 149
Let v(h) = h**2 + 18*h + 28. Let j be v(-15). Let k(t) = -31*t + 23. Let b be k(j). Suppose -8*d + b = -3*d. List the prime factors of d.
2, 5, 11
Suppose 46*n = 41*n + 180. Let z = n + 70. What are the prime factors of z?
2, 53
Let k = -10180 + 16051. What are the prime factors of k?
3, 19, 103
Let o(j) = -83*j + 118. Let h be o(-21). Let m = 2724 - h. What are the prime factors of m?
863
Suppose -v + 19 = 5*n - 0*v, 11 = n + 2*v. List the prime factors of (-84)/(-9) + 2/n.
2, 5
Let x(h) be the second derivative of 54*h**3 - h**2 + 2*h. Let q be x(1). Suppose 4*i - 182 = q. What are the prime factors of i?
2, 3, 7
Let t be 1*(-6 + -2*2/4). Let l(g) = -25*g - 13. Let o be l(t). Let y = 234 - o. List the prime factors of y.
2, 3
Let i(j) = -92*j + 4669. What are the prime factors of i(0)?
7, 23, 29
Let n(r) = 2*r + 5 + 4*r**2 + 5*r + 0*r**2 + r**2. Let x be n(-4). Let g = -36 + x. List the prime factors of g.
3, 7
Let a(v) be the second derivative of v**5/10 - 5*v**4/12 - 7*v**3/6 - v**2 + 32*v. Let t = -24 + 29. List the prime factors of a(t).
2, 11
Suppose 0 = -2*w + w + 2. Let x be (-1442)/(-21) + w/(-3). Let b = x + -32. List the prime factors of b.
2, 3
Let t(p) = 6*p**2 + 16*p - 403. What are the prime factors of t(25)?
3, 1249
Suppose -3*b - x = 2*x + 225, 2*b = -3*x - 150. Let l be (1 - 0) + b/3. List the prime factors of ((-4)/12)/(1/l).
2
Suppose -5*t + 2*x = -1512, -4*x + 902 = 3*t - 0*x. Suppose t = 7*j + 120. What are the prime factors of j?
2, 13
Let f be -139*2/(-2) + -85 + 80. What are the prime factors of (198/18)/(2/f)?
11, 67
Let a = 420 + -418. Suppose 2122 = 3*x - 2*v, 0 = -a*x + 3*v + 1176 + 247. What are the prime factors of x?
2, 11
Suppose 4*r = 12*n + 162148, 0*r + 3*r = -5*n + 121527. What are the prime factors of r?
40519
Let v be (0 + -1 - 5/(-10))*-10. Suppose -3*k = -v*g + 516, 2*k + 85 = 2*g - 119. Suppose 3*c - 12 = -0*c, 4*c = u - g. List the prime factors of u.
11
Let v be (-8)/14 + 54*(-18)/(-84). Suppose 5*p - 660 = -2*x, 6*x = v*x - 2*p - 1621. List the prime factors of x.
5, 13
Let g(v) = 652*v**2 - 57*v + 35. List the prime factors of g(5).
2, 3, 5, 107
Suppose 0 = -3*t - 2*g - 36 + 30, t - 3*g = -13. What are the prime factors of (-26)/(t*7/1834)?
13, 131
Let s(v) = 5 - 1 + 5*v - 11 - v**3 + 2*v**2. Let b be s(2). Let i(q) = 6*q**3 - q**2 - 6*q - 3. What are the prime factors of i(b)?
2, 3, 11
Let u be (1 + 1)/((-32)/(-72))*-36. Let o = u - -439. What are the prime factors of o?
277
Let c be (12/3)/((-8)/(-140)). Let r = 228 + -284. Let b = c + r. List the prime factors of b.
2, 7
Suppose -22*n - n - 46 = 0. What are the prime factors of 172 + -10 - (